rime factors of 2978424?
2, 3, 13789
List the prime factors of 201896.
2, 25237
What are the prime factors of 904408?
2, 113051
List the prime factors of 1210111.
7, 17, 10169
What are the prime factors of 188667?
3, 20963
List the prime factors of 1921159.
1921159
What are the prime factors of 6410273?
31, 206783
What are the prime factors of 159285?
3, 5, 7, 37, 41
List the prime factors of 14695469.
53, 277273
List the prime factors of 4825763.
4825763
List the prime factors of 6999204.
2, 3, 583267
What are the prime factors of 533289?
3, 177763
List the prime factors of 230591.
293, 787
List the prime factors of 259829.
259829
What are the prime factors of 32576329?
5303, 6143
List the prime factors of 1409467.
1409467
List the prime factors of 25595007.
3, 379, 22511
List the prime factors of 8713367.
13, 17, 89, 443
List the prime factors of 506963.
506963
List the prime factors of 201615.
3, 5, 13441
What are the prime factors of 1393272?
2, 3, 37, 523
List the prime factors of 2421864.
2, 3, 33637
List the prime factors of 10721162.
2, 163, 32887
What are the prime factors of 420368?
2, 13, 43, 47
What are the prime factors of 25262685?
3, 5, 7, 19, 67
What are the prime factors of 1179532?
2, 23, 12821
What are the prime factors of 999993?
3, 333331
List the prime factors of 109619.
109619
List the prime factors of 67583.
19, 3557
What are the prime factors of 359983?
13, 27691
List the prime factors of 963911.
13, 53, 1399
What are the prime factors of 27879?
3, 9293
What are the prime factors of 20362?
2, 10181
List the prime factors of 13718177.
11, 1247107
What are the prime factors of 683710?
2, 5, 68371
List the prime factors of 2033869.
2033869
What are the prime factors of 722896?
2, 45181
What are the prime factors of 1312537?
61, 21517
What are the prime factors of 4126635?
3, 5, 91703
What are the prime factors of 949464?
2, 3, 13187
What are the prime factors of 4248957?
3, 53, 26723
List the prime factors of 1125388.
2, 11, 25577
What are the prime factors of 120652?
2, 7, 31, 139
List the prime factors of 2572074.
2, 3, 15877
List the prime factors of 634301.
634301
What are the prime factors of 1039240?
2, 5, 25981
What are the prime factors of 680730?
2, 3, 5, 22691
List the prime factors of 10987239.
3, 313, 11701
What are the prime factors of 326062?
2, 11, 14821
List the prime factors of 171757.
171757
What are the prime factors of 1442201?
151, 9551
What are the prime factors of 746992?
2, 46687
What are the prime factors of 1419396?
2, 3, 11, 10753
What are the prime factors of 28299422?
2, 683, 20717
What are the prime factors of 66009?
3, 22003
List the prime factors of 755307.
3, 7, 19, 631
What are the prime factors of 1672278?
2, 3, 109, 2557
List the prime factors of 1577751.
3, 7, 10733
List the prime factors of 159753.
3, 11, 47, 103
List the prime factors of 196731.
3, 21859
List the prime factors of 411846.
2, 3, 83, 827
What are the prime factors of 815591?
7, 37, 47, 67
What are the prime factors of 707744?
2, 17, 1301
What are the prime factors of 473937?
3, 239, 661
What are the prime factors of 46837?
7, 6691
List the prime factors of 1726152.
2, 3, 71, 1013
List the prime factors of 22224322.
2, 11112161
List the prime factors of 15883385.
5, 7, 89, 5099
List the prime factors of 1009409.
17, 59377
List the prime factors of 44716.
2, 7, 1597
What are the prime factors of 190621?
17, 11213
List the prime factors of 72385.
5, 31, 467
List the prime factors of 7658628.
2, 3, 71, 89, 101
List the prime factors of 668664.
2, 3, 37, 251
What are the prime factors of 1243613?
7, 101, 1759
List the prime factors of 6641276.
2, 59, 107, 263
What are the prime factors of 179788?
2, 7, 6421
List the prime factors of 119131.
119131
List the prime factors of 1036483.
7, 263, 563
What are the prime factors of 921773?
89, 10357
List the prime factors of 3605582.
2, 1802791
List the prime factors of 727427.
727427
List the prime factors of 26621.
7, 3803
What are the prime factors of 457924?
2, 239, 479
List the prime factors of 2399608.
2, 299951
List the prime factors of 1641534.
2, 3, 137, 1997
List the prime factors of 3765330.
2, 3, 5, 17, 23, 107
List the prime factors of 94520.
2, 5, 17, 139
What are the prime factors of 268336?
2, 31, 541
What are the prime factors of 918496?
2, 28703
List the prime factors of 356935.
5, 71387
What are the prime factors of 95017?
13, 7309
What are the prime factors of 9462384?
2, 3, 23, 2857
What are the prime factors of 2936019?
3, 17, 23, 2503
What are the prime factors of 3030467?
11, 31, 8887
List the prime factors of 3507162.
2, 3, 149, 3923
What are the prime factors of 3396069?
3, 401, 941
List the prime factors of 8882959.
17, 53, 9859
List the prime factors of 3616634.
2, 7, 258331
List the prime factors of 3942442.
2, 7, 821
What are the prime factors of 18947662?
2, 9473831
What are the prime factors of 5391040?
2, 5, 17, 991
List the prime factors of 1264064.
2, 19751
List the prime factors of 94307.
94307
What are the prime factors of 209251?
7, 167, 179
What are the prime factors of 1086710?
2, 5, 271, 401
List the prime factors of 3547325.
5, 47, 3019
List the prime factors of 2722353.
3, 71, 12781
What are the prime factors of 1570322?
2, 13, 60397
List the prime factors of 621075.
3, 5, 7, 13
List the prime factors of 11051738.
2, 5525869
What are the prime factors of 7717527?
3, 109, 7867
What are the prime factors of 4167126?
2, 3, 29, 887
List the prime factors of 243976.
2, 30497
What are the prime factors of 58679?
58679
What are the prime factors of 6750612?
2, 3, 11, 17047
List the prime factors of 20095136.
2, 627973
What are the prime factors of 1715604?
2, 3, 11, 41, 317
List the prime factors of 339492.
2, 3, 19, 1489
List the prime factors of 9769593.
3, 3256531
List the prime factors of 1166164.
2, 47, 6203
List the prime factors of 18632494.
2, 103, 151, 599
List the prime factors of 5554291.
17, 19219
What are the prime factors of 86432?
2, 37, 73
List the prime factors of 59857.
7, 17, 503
List the prime factors of 3843544.
2, 29, 16567
List the prime factors of 17105101.
13, 701, 1877
List the prime factors of 284108.
2, 11, 587
What are the prime factors of 2710288?
2, 7, 3457
List the prime factors of 8010331.
7, 1144333
List the prime factors of 7634306.
2, 43, 88771
What are the prime factors of 4176693?
3, 389, 1193
What are the prime factors of 5182766?
2, 31, 179, 467
List the prime factors of 55536.
2, 3, 13, 89
List the prime factors of 3593385.
3, 5, 47, 1699
List the prime factors of 537833.
19, 28307
What are the prime factors of 8407190?
2, 5, 11, 23, 3323
What are the prime factors of 614676?
2, 3, 181, 283
List the prime factors of 1759329.
3, 11, 13, 1367
What are the prime factors of 1990515?
3, 5, 132701
List the prime factors of 19923251.
2137, 9323
What are the prime factors of 1267932?
2, 3, 157, 673
What are the prime factors of 174191?
373, 467
What are the prime factors of 2505436?
2, 23, 113, 241
What are the prime factors of 520557?
3, 17, 59, 173
List the prime factors of 185005.
5, 163, 227
What are the prime factors of 3382729?
7, 483247
What are the prime factors of 920461?
163, 5647
What are the prime factors of 189198?
2, 3, 23, 457
What are the prime factors of 596532?
2, 3, 49711
What are the prime factors of 8968651?
8968651
List the prime factors of 473169.
3, 109, 1447
List the prime factors of 1073052.
2, 3, 41, 727
What are the prime factors of 1463514?
2, 3, 13, 29, 647
List the prime factors of 154527.
3, 19, 2711
What are the prime factors of 1000492?
2, 250123
What are the prime factors of 6391749?
3, 7, 13, 1801
List the prime factors of 9100797.
3, 17, 178447
List the prime factors of 3838853.
3838853
What are the prime factors of 1462663?
17, 97, 887
What are the prime factors of 1146163?
31, 36973
What are the prime factors of 21746319?
3, 7, 163, 6353
What are the prime factors of 1024984?
2, 31, 4133
List the prime factors of 29796966.
2, 3, 47, 35221
List the prime factors of 278769.
3, 43, 2161
What are the prime factors of 89932?
2, 22483
List the prime factors of 678997.
11, 17, 3631
List the prime factors of 4327167.
3, 13, 181, 613
What are the prime factors of 16705188?
2, 3, 46